{"version":"1.0","provider_name":"Archev\u00each\u00e9 Orthodoxe de Belgique","provider_url":"https:\/\/orthodoxia.be\/fr\/","title":"DIFFUSION EN DIRECT D'UNE CELEBRATION ORTHODOXE - Archev\u00each\u00e9 Orthodoxe de Belgique","type":"rich","width":600,"height":338,"html":"<blockquote class=\"wp-embedded-content\" data-secret=\"ZUibYOVsTT\"><a href=\"https:\/\/orthodoxia.be\/fr\/2016\/02\/23\/diffusion-en-direct-dune-celebration-orthodoxe\/\">DIFFUSION EN DIRECT  D\u2019UNE CELEBRATION ORTHODOXE<\/a><\/blockquote><iframe sandbox=\"allow-scripts\" security=\"restricted\" src=\"https:\/\/orthodoxia.be\/fr\/2016\/02\/23\/diffusion-en-direct-dune-celebration-orthodoxe\/embed\/#?secret=ZUibYOVsTT\" width=\"600\" height=\"338\" title=\"\u00ab\u00a0DIFFUSION EN DIRECT  D\u2019UNE CELEBRATION ORTHODOXE\u00a0\u00bb &#8212; Archev\u00each\u00e9 Orthodoxe de Belgique\" data-secret=\"ZUibYOVsTT\" frameborder=\"0\" marginwidth=\"0\" marginheight=\"0\" scrolling=\"no\" class=\"wp-embedded-content\"><\/iframe><script>\n\/*! This file is auto-generated *\/\n!function(d,l){\"use strict\";l.querySelector&&d.addEventListener&&\"undefined\"!=typeof URL&&(d.wp=d.wp||{},d.wp.receiveEmbedMessage||(d.wp.receiveEmbedMessage=function(e){var t=e.data;if((t||t.secret||t.message||t.value)&&!\/[^a-zA-Z0-9]\/.test(t.secret)){for(var s,r,n,a=l.querySelectorAll('iframe[data-secret=\"'+t.secret+'\"]'),o=l.querySelectorAll('blockquote[data-secret=\"'+t.secret+'\"]'),c=new RegExp(\"^https?:$\",\"i\"),i=0;i<o.length;i++)o[i].style.display=\"none\";for(i=0;i<a.length;i++)s=a[i],e.source===s.contentWindow&&(s.removeAttribute(\"style\"),\"height\"===t.message?(1e3<(r=parseInt(t.value,10))?r=1e3:~~r<200&&(r=200),s.height=r):\"link\"===t.message&&(r=new URL(s.getAttribute(\"src\")),n=new URL(t.value),c.test(n.protocol))&&n.host===r.host&&l.activeElement===s&&(d.top.location.href=t.value))}},d.addEventListener(\"message\",d.wp.receiveEmbedMessage,!1),l.addEventListener(\"DOMContentLoaded\",function(){for(var e,t,s=l.querySelectorAll(\"iframe.wp-embedded-content\"),r=0;r<s.length;r++)(t=(e=s[r]).getAttribute(\"data-secret\"))||(t=Math.random().toString(36).substring(2,12),e.src+=\"#?secret=\"+t,e.setAttribute(\"data-secret\",t)),e.contentWindow.postMessage({message:\"ready\",secret:t},\"*\")},!1)))}(window,document);\n<\/script>\n","thumbnail_url":"https:\/\/orthodoxia.be\/wp-content\/uploads\/2017\/10\/Aalst.jpg","thumbnail_width":639,"thumbnail_height":384,"description":"Le dimanche 6 mars 2016 de 10h \u00e0 11h, la VRT \u00e9\u00e9n diffusera la Divine Liturgie en direct de la Paroisse Orthodoxe de Saint Andr\u00e9 et Saint Materne \u00e0 Alost. La c\u00e9l\u00e9bration sera pr\u00e9sid\u00e9e par le P\u00e8re Constantin Pogor, recteur de la Paroisse. DIMANCHE 6 mars 2016 10h \u2013 11h VRT \u00e9\u00e9n Pour plus d&#8217;informations &hellip; Continued"}

Archevêché Orthodoxe de Belgique

DIFFUSION EN DIRECT D'UNE CELEBRATION ORTHODOXE - Archevêché Orthodoxe de Belgique

<blockquote class="wp-embedded-content" data-secret="ZUibYOVsTT"><a href="https://orthodoxia.be/fr/2016/02/23/diffusion-en-direct-dune-celebration-orthodoxe/">DIFFUSION EN DIRECT  D’UNE CELEBRATION ORTHODOXE</a></blockquote><iframe sandbox="allow-scripts" security="restricted" src="https://orthodoxia.be/fr/2016/02/23/diffusion-en-direct-dune-celebration-orthodoxe/embed/#?secret=ZUibYOVsTT" width="600" height="338" title="« DIFFUSION EN DIRECT  D’UNE CELEBRATION ORTHODOXE » &#8212; Archevêché Orthodoxe de Belgique" data-secret="ZUibYOVsTT" frameborder="0" marginwidth="0" marginheight="0" scrolling="no" class="wp-embedded-content"></iframe><script>
/*! This file is auto-generated */
!function(d,l){"use strict";l.querySelector&&d.addEventListener&&"undefined"!=typeof URL&&(d.wp=d.wp||{},d.wp.receiveEmbedMessage||(d.wp.receiveEmbedMessage=function(e){var t=e.data;if((t||t.secret||t.message||t.value)&&!/[^a-zA-Z0-9]/.test(t.secret)){for(var s,r,n,a=l.querySelectorAll('iframe[data-secret="'+t.secret+'"]'),o=l.querySelectorAll('blockquote[data-secret="'+t.secret+'"]'),c=new RegExp("^https?:$","i"),i=0;i<o.length;i++)o[i].style.display="none";for(i=0;i<a.length;i++)s=a[i],e.source===s.contentWindow&&(s.removeAttribute("style"),"height"===t.message?(1e3<(r=parseInt(t.value,10))?r=1e3:~~r<200&&(r=200),s.height=r):"link"===t.message&&(r=new URL(s.getAttribute("src")),n=new URL(t.value),c.test(n.protocol))&&n.host===r.host&&l.activeElement===s&&(d.top.location.href=t.value))}},d.addEventListener("message",d.wp.receiveEmbedMessage,!1),l.addEventListener("DOMContentLoaded",function(){for(var e,t,s=l.querySelectorAll("iframe.wp-embedded-content"),r=0;r<s.length;r++)(t=(e=s[r]).getAttribute("data-secret"))||(t=Math.random().toString(36).substring(2,12),e.src+="#?secret="+t,e.setAttribute("data-secret",t)),e.contentWindow.postMessage({message:"ready",secret:t},"*")},!1)))}(window,document);
</script>

Le dimanche 6 mars 2016 de 10h à 11h, la VRT één diffusera la Divine Liturgie en direct de la Paroisse Orthodoxe de Saint André et Saint Materne à Alost. La célébration sera présidée par le Père Constantin Pogor, recteur de la Paroisse. DIMANCHE 6 mars 2016 10h – 11h VRT één Pour plus d&#8217;informations &hellip; Continued
