{"version":"1.0","provider_name":"Archev\u00each\u00e9 Orthodoxe de Belgique","provider_url":"https:\/\/orthodoxia.be\/fr\/","title":"OFFICE DE COMMEMORATION POUR  L\u2019ARCHIPR\u00caTRE IGNACE PECKSTADT - Archev\u00each\u00e9 Orthodoxe de Belgique","type":"rich","width":600,"height":338,"html":"<blockquote class=\"wp-embedded-content\" data-secret=\"1CgXVAhTlF\"><a href=\"https:\/\/orthodoxia.be\/fr\/2016\/06\/18\/office-de-commemoration-pour-larchipretre-ignace-peckstadt\/\">OFFICE DE COMMEMORATION POUR   L\u2019ARCHIPR\u00caTRE IGNACE PECKSTADT<\/a><\/blockquote><iframe sandbox=\"allow-scripts\" security=\"restricted\" src=\"https:\/\/orthodoxia.be\/fr\/2016\/06\/18\/office-de-commemoration-pour-larchipretre-ignace-peckstadt\/embed\/#?secret=1CgXVAhTlF\" width=\"600\" height=\"338\" title=\"\u00ab\u00a0OFFICE DE COMMEMORATION POUR   L\u2019ARCHIPR\u00caTRE IGNACE PECKSTADT\u00a0\u00bb &#8212; Archev\u00each\u00e9 Orthodoxe de Belgique\" data-secret=\"1CgXVAhTlF\" frameborder=\"0\" marginwidth=\"0\" marginheight=\"0\" scrolling=\"no\" class=\"wp-embedded-content\"><\/iframe><script>\n\/*! This file is auto-generated *\/\n!function(d,l){\"use strict\";l.querySelector&&d.addEventListener&&\"undefined\"!=typeof URL&&(d.wp=d.wp||{},d.wp.receiveEmbedMessage||(d.wp.receiveEmbedMessage=function(e){var t=e.data;if((t||t.secret||t.message||t.value)&&!\/[^a-zA-Z0-9]\/.test(t.secret)){for(var s,r,n,a=l.querySelectorAll('iframe[data-secret=\"'+t.secret+'\"]'),o=l.querySelectorAll('blockquote[data-secret=\"'+t.secret+'\"]'),c=new RegExp(\"^https?:$\",\"i\"),i=0;i<o.length;i++)o[i].style.display=\"none\";for(i=0;i<a.length;i++)s=a[i],e.source===s.contentWindow&&(s.removeAttribute(\"style\"),\"height\"===t.message?(1e3<(r=parseInt(t.value,10))?r=1e3:~~r<200&&(r=200),s.height=r):\"link\"===t.message&&(r=new URL(s.getAttribute(\"src\")),n=new URL(t.value),c.test(n.protocol))&&n.host===r.host&&l.activeElement===s&&(d.top.location.href=t.value))}},d.addEventListener(\"message\",d.wp.receiveEmbedMessage,!1),l.addEventListener(\"DOMContentLoaded\",function(){for(var e,t,s=l.querySelectorAll(\"iframe.wp-embedded-content\"),r=0;r<s.length;r++)(t=(e=s[r]).getAttribute(\"data-secret\"))||(t=Math.random().toString(36).substring(2,12),e.src+=\"#?secret=\"+t,e.setAttribute(\"data-secret\",t)),e.contentWindow.postMessage({message:\"ready\",secret:t},\"*\")},!1)))}(window,document);\n<\/script>\n","description":"L\u2019office de comm\u00e9moration pour l\u2019Archipr\u00eatre Ignace Peckstadt a \u00e9t\u00e9 c\u00e9l\u00e9br\u00e9 durant la Divine Liturgie le Samedi 18 Juin 2016 \u00e0 la paroisse de Saint Ap\u00f4tre Andr\u00e9 \u00e0 Gand, par Son Eminence le M\u00e9tropolite Ath\u00e9nagoras de Belgique. C\u2019est vers la fin de la Divine Liturgie et avec un profond recueillement que la comm\u00e9moration des quarante jours &hellip; Continued","thumbnail_url":"https:\/\/orthodoxia.be\/wp-content\/uploads\/2025\/02\/Orthobel.jpg","thumbnail_width":1200,"thumbnail_height":675}

Archevêché Orthodoxe de Belgique

OFFICE DE COMMEMORATION POUR  L’ARCHIPRÊTRE IGNACE PECKSTADT - Archevêché Orthodoxe de Belgique

<blockquote class="wp-embedded-content" data-secret="1CgXVAhTlF"><a href="https://orthodoxia.be/fr/2016/06/18/office-de-commemoration-pour-larchipretre-ignace-peckstadt/">OFFICE DE COMMEMORATION POUR   L’ARCHIPRÊTRE IGNACE PECKSTADT</a></blockquote><iframe sandbox="allow-scripts" security="restricted" src="https://orthodoxia.be/fr/2016/06/18/office-de-commemoration-pour-larchipretre-ignace-peckstadt/embed/#?secret=1CgXVAhTlF" width="600" height="338" title="« OFFICE DE COMMEMORATION POUR   L’ARCHIPRÊTRE IGNACE PECKSTADT » &#8212; Archevêché Orthodoxe de Belgique" data-secret="1CgXVAhTlF" frameborder="0" marginwidth="0" marginheight="0" scrolling="no" class="wp-embedded-content"></iframe><script>
/*! This file is auto-generated */
!function(d,l){"use strict";l.querySelector&&d.addEventListener&&"undefined"!=typeof URL&&(d.wp=d.wp||{},d.wp.receiveEmbedMessage||(d.wp.receiveEmbedMessage=function(e){var t=e.data;if((t||t.secret||t.message||t.value)&&!/[^a-zA-Z0-9]/.test(t.secret)){for(var s,r,n,a=l.querySelectorAll('iframe[data-secret="'+t.secret+'"]'),o=l.querySelectorAll('blockquote[data-secret="'+t.secret+'"]'),c=new RegExp("^https?:$","i"),i=0;i<o.length;i++)o[i].style.display="none";for(i=0;i<a.length;i++)s=a[i],e.source===s.contentWindow&&(s.removeAttribute("style"),"height"===t.message?(1e3<(r=parseInt(t.value,10))?r=1e3:~~r<200&&(r=200),s.height=r):"link"===t.message&&(r=new URL(s.getAttribute("src")),n=new URL(t.value),c.test(n.protocol))&&n.host===r.host&&l.activeElement===s&&(d.top.location.href=t.value))}},d.addEventListener("message",d.wp.receiveEmbedMessage,!1),l.addEventListener("DOMContentLoaded",function(){for(var e,t,s=l.querySelectorAll("iframe.wp-embedded-content"),r=0;r<s.length;r++)(t=(e=s[r]).getAttribute("data-secret"))||(t=Math.random().toString(36).substring(2,12),e.src+="#?secret="+t,e.setAttribute("data-secret",t)),e.contentWindow.postMessage({message:"ready",secret:t},"*")},!1)))}(window,document);
</script>

L’office de commémoration pour l’Archiprêtre Ignace Peckstadt a été célébré durant la Divine Liturgie le Samedi 18 Juin 2016 à la paroisse de Saint Apôtre André à Gand, par Son Eminence le Métropolite Athénagoras de Belgique. C’est vers la fin de la Divine Liturgie et avec un profond recueillement que la commémoration des quarante jours &hellip; Continued
