{"version":"1.0","provider_name":"Archev\u00each\u00e9 Orthodoxe de Belgique","provider_url":"https:\/\/orthodoxia.be\/fr\/","title":"ORDINATION SACERDOTALE A UTRECHT - Archev\u00each\u00e9 Orthodoxe de Belgique","type":"rich","width":600,"height":338,"html":"<blockquote class=\"wp-embedded-content\" data-secret=\"Tm88iP6O4f\"><a href=\"https:\/\/orthodoxia.be\/fr\/2017\/05\/29\/ordination-sacerdotale-a-utrecht\/\">ORDINATION SACERDOTALE A UTRECHT<\/a><\/blockquote><iframe sandbox=\"allow-scripts\" security=\"restricted\" src=\"https:\/\/orthodoxia.be\/fr\/2017\/05\/29\/ordination-sacerdotale-a-utrecht\/embed\/#?secret=Tm88iP6O4f\" width=\"600\" height=\"338\" title=\"\u00ab\u00a0ORDINATION SACERDOTALE A UTRECHT\u00a0\u00bb &#8212; Archev\u00each\u00e9 Orthodoxe de Belgique\" data-secret=\"Tm88iP6O4f\" frameborder=\"0\" marginwidth=\"0\" marginheight=\"0\" scrolling=\"no\" class=\"wp-embedded-content\"><\/iframe><script>\n\/*! This file is auto-generated *\/\n!function(d,l){\"use strict\";l.querySelector&&d.addEventListener&&\"undefined\"!=typeof URL&&(d.wp=d.wp||{},d.wp.receiveEmbedMessage||(d.wp.receiveEmbedMessage=function(e){var t=e.data;if((t||t.secret||t.message||t.value)&&!\/[^a-zA-Z0-9]\/.test(t.secret)){for(var s,r,n,a=l.querySelectorAll('iframe[data-secret=\"'+t.secret+'\"]'),o=l.querySelectorAll('blockquote[data-secret=\"'+t.secret+'\"]'),c=new RegExp(\"^https?:$\",\"i\"),i=0;i<o.length;i++)o[i].style.display=\"none\";for(i=0;i<a.length;i++)s=a[i],e.source===s.contentWindow&&(s.removeAttribute(\"style\"),\"height\"===t.message?(1e3<(r=parseInt(t.value,10))?r=1e3:~~r<200&&(r=200),s.height=r):\"link\"===t.message&&(r=new URL(s.getAttribute(\"src\")),n=new URL(t.value),c.test(n.protocol))&&n.host===r.host&&l.activeElement===s&&(d.top.location.href=t.value))}},d.addEventListener(\"message\",d.wp.receiveEmbedMessage,!1),l.addEventListener(\"DOMContentLoaded\",function(){for(var e,t,s=l.querySelectorAll(\"iframe.wp-embedded-content\"),r=0;r<s.length;r++)(t=(e=s[r]).getAttribute(\"data-secret\"))||(t=Math.random().toString(36).substring(2,12),e.src+=\"#?secret=\"+t,e.setAttribute(\"data-secret\",t)),e.contentWindow.postMessage({message:\"ready\",secret:t},\"*\")},!1)))}(window,document);\n<\/script>\n","thumbnail_url":"https:\/\/orthodoxia.be\/wp-content\/uploads\/2017\/10\/34831669881_8064e5f2a3_k.jpg","thumbnail_width":2048,"thumbnail_height":1367,"description":"Son Eminence le M\u00e9tropolite Ath\u00e9nagoras de Belgique et Exarque des Pays-Bas et du Luxembourg a c\u00e9l\u00e9br\u00e9 la Divine Liturgie en la paroisse de l\u2019Annonciation \u00e0 Utrecht ce dimanche 28 mai 2017, jour de la comm\u00e9moration des Saints P\u00e8res du Ier Concile Oecum\u00e9nique. Au cours de la divine Liturgie, il a ordonn\u00e9 Pr\u00eatre l\u2019un des Diacres &hellip; Continued"}

Archevêché Orthodoxe de Belgique

ORDINATION SACERDOTALE A UTRECHT - Archevêché Orthodoxe de Belgique

<blockquote class="wp-embedded-content" data-secret="Tm88iP6O4f"><a href="https://orthodoxia.be/fr/2017/05/29/ordination-sacerdotale-a-utrecht/">ORDINATION SACERDOTALE A UTRECHT</a></blockquote><iframe sandbox="allow-scripts" security="restricted" src="https://orthodoxia.be/fr/2017/05/29/ordination-sacerdotale-a-utrecht/embed/#?secret=Tm88iP6O4f" width="600" height="338" title="« ORDINATION SACERDOTALE A UTRECHT » &#8212; Archevêché Orthodoxe de Belgique" data-secret="Tm88iP6O4f" frameborder="0" marginwidth="0" marginheight="0" scrolling="no" class="wp-embedded-content"></iframe><script>
/*! This file is auto-generated */
!function(d,l){"use strict";l.querySelector&&d.addEventListener&&"undefined"!=typeof URL&&(d.wp=d.wp||{},d.wp.receiveEmbedMessage||(d.wp.receiveEmbedMessage=function(e){var t=e.data;if((t||t.secret||t.message||t.value)&&!/[^a-zA-Z0-9]/.test(t.secret)){for(var s,r,n,a=l.querySelectorAll('iframe[data-secret="'+t.secret+'"]'),o=l.querySelectorAll('blockquote[data-secret="'+t.secret+'"]'),c=new RegExp("^https?:$","i"),i=0;i<o.length;i++)o[i].style.display="none";for(i=0;i<a.length;i++)s=a[i],e.source===s.contentWindow&&(s.removeAttribute("style"),"height"===t.message?(1e3<(r=parseInt(t.value,10))?r=1e3:~~r<200&&(r=200),s.height=r):"link"===t.message&&(r=new URL(s.getAttribute("src")),n=new URL(t.value),c.test(n.protocol))&&n.host===r.host&&l.activeElement===s&&(d.top.location.href=t.value))}},d.addEventListener("message",d.wp.receiveEmbedMessage,!1),l.addEventListener("DOMContentLoaded",function(){for(var e,t,s=l.querySelectorAll("iframe.wp-embedded-content"),r=0;r<s.length;r++)(t=(e=s[r]).getAttribute("data-secret"))||(t=Math.random().toString(36).substring(2,12),e.src+="#?secret="+t,e.setAttribute("data-secret",t)),e.contentWindow.postMessage({message:"ready",secret:t},"*")},!1)))}(window,document);
</script>

Son Eminence le Métropolite Athénagoras de Belgique et Exarque des Pays-Bas et du Luxembourg a célébré la Divine Liturgie en la paroisse de l’Annonciation à Utrecht ce dimanche 28 mai 2017, jour de la commémoration des Saints Pères du Ier Concile Oecuménique. Au cours de la divine Liturgie, il a ordonné Prêtre l’un des Diacres &hellip; Continued
