{"version":"1.0","provider_name":"Archev\u00each\u00e9 Orthodoxe de Belgique","provider_url":"https:\/\/orthodoxia.be\/fr\/","title":"Conf\u00e9rence d\u2019Orthodoxos Logos - Archev\u00each\u00e9 Orthodoxe de Belgique","type":"rich","width":600,"height":338,"html":"<blockquote class=\"wp-embedded-content\" data-secret=\"6Town2MAiz\"><a href=\"https:\/\/orthodoxia.be\/fr\/2018\/05\/17\/conference-dorthodoxos-logos\/\">Conf\u00e9rence d\u2019Orthodoxos Logos<\/a><\/blockquote><iframe sandbox=\"allow-scripts\" security=\"restricted\" src=\"https:\/\/orthodoxia.be\/fr\/2018\/05\/17\/conference-dorthodoxos-logos\/embed\/#?secret=6Town2MAiz\" width=\"600\" height=\"338\" title=\"\u00ab\u00a0Conf\u00e9rence d\u2019Orthodoxos Logos\u00a0\u00bb &#8212; Archev\u00each\u00e9 Orthodoxe de Belgique\" data-secret=\"6Town2MAiz\" frameborder=\"0\" marginwidth=\"0\" marginheight=\"0\" scrolling=\"no\" class=\"wp-embedded-content\"><\/iframe><script>\n\/*! This file is auto-generated *\/\n!function(d,l){\"use strict\";l.querySelector&&d.addEventListener&&\"undefined\"!=typeof URL&&(d.wp=d.wp||{},d.wp.receiveEmbedMessage||(d.wp.receiveEmbedMessage=function(e){var t=e.data;if((t||t.secret||t.message||t.value)&&!\/[^a-zA-Z0-9]\/.test(t.secret)){for(var s,r,n,a=l.querySelectorAll('iframe[data-secret=\"'+t.secret+'\"]'),o=l.querySelectorAll('blockquote[data-secret=\"'+t.secret+'\"]'),c=new RegExp(\"^https?:$\",\"i\"),i=0;i<o.length;i++)o[i].style.display=\"none\";for(i=0;i<a.length;i++)s=a[i],e.source===s.contentWindow&&(s.removeAttribute(\"style\"),\"height\"===t.message?(1e3<(r=parseInt(t.value,10))?r=1e3:~~r<200&&(r=200),s.height=r):\"link\"===t.message&&(r=new URL(s.getAttribute(\"src\")),n=new URL(t.value),c.test(n.protocol))&&n.host===r.host&&l.activeElement===s&&(d.top.location.href=t.value))}},d.addEventListener(\"message\",d.wp.receiveEmbedMessage,!1),l.addEventListener(\"DOMContentLoaded\",function(){for(var e,t,s=l.querySelectorAll(\"iframe.wp-embedded-content\"),r=0;r<s.length;r++)(t=(e=s[r]).getAttribute(\"data-secret\"))||(t=Math.random().toString(36).substring(2,12),e.src+=\"#?secret=\"+t,e.setAttribute(\"data-secret\",t)),e.contentWindow.postMessage({message:\"ready\",secret:t},\"*\")},!1)))}(window,document);\n<\/script>\n","thumbnail_url":"https:\/\/orthodoxia.be\/wp-content\/uploads\/2018\/05\/2018.05.17orthodoxlogos.jpg","thumbnail_width":1000,"thumbnail_height":750,"description":"L\u2019ann\u00e9e acad\u00e9mique 2017-2018 du cycle de Conf\u00e9rences Orthodoxos Logos de l\u2019Archev\u00each\u00e9 de Belgique s\u2019est cl\u00f4tur\u00e9e avec succ\u00e8s. Il s\u2019agit d\u2019une initiative relativement r\u00e9cente de l\u2019Archev\u00each\u00e9 dont l\u2019objectif est d\u2019organiser des conf\u00e9rences \u00e0 caract\u00e8re surtout th\u00e9ologique mais \u00e9galement social, avec des orateurs de Belgique et de l\u2019\u00e9tranger. Les activit\u00e9s d\u2019Orthodoxos Logos re\u00e7oivent le soutien surtout de &hellip; Continued"}

Archevêché Orthodoxe de Belgique

Conférence d’Orthodoxos Logos - Archevêché Orthodoxe de Belgique

<blockquote class="wp-embedded-content" data-secret="6Town2MAiz"><a href="https://orthodoxia.be/fr/2018/05/17/conference-dorthodoxos-logos/">Conférence d’Orthodoxos Logos</a></blockquote><iframe sandbox="allow-scripts" security="restricted" src="https://orthodoxia.be/fr/2018/05/17/conference-dorthodoxos-logos/embed/#?secret=6Town2MAiz" width="600" height="338" title="« Conférence d’Orthodoxos Logos » &#8212; Archevêché Orthodoxe de Belgique" data-secret="6Town2MAiz" frameborder="0" marginwidth="0" marginheight="0" scrolling="no" class="wp-embedded-content"></iframe><script>
/*! This file is auto-generated */
!function(d,l){"use strict";l.querySelector&&d.addEventListener&&"undefined"!=typeof URL&&(d.wp=d.wp||{},d.wp.receiveEmbedMessage||(d.wp.receiveEmbedMessage=function(e){var t=e.data;if((t||t.secret||t.message||t.value)&&!/[^a-zA-Z0-9]/.test(t.secret)){for(var s,r,n,a=l.querySelectorAll('iframe[data-secret="'+t.secret+'"]'),o=l.querySelectorAll('blockquote[data-secret="'+t.secret+'"]'),c=new RegExp("^https?:$","i"),i=0;i<o.length;i++)o[i].style.display="none";for(i=0;i<a.length;i++)s=a[i],e.source===s.contentWindow&&(s.removeAttribute("style"),"height"===t.message?(1e3<(r=parseInt(t.value,10))?r=1e3:~~r<200&&(r=200),s.height=r):"link"===t.message&&(r=new URL(s.getAttribute("src")),n=new URL(t.value),c.test(n.protocol))&&n.host===r.host&&l.activeElement===s&&(d.top.location.href=t.value))}},d.addEventListener("message",d.wp.receiveEmbedMessage,!1),l.addEventListener("DOMContentLoaded",function(){for(var e,t,s=l.querySelectorAll("iframe.wp-embedded-content"),r=0;r<s.length;r++)(t=(e=s[r]).getAttribute("data-secret"))||(t=Math.random().toString(36).substring(2,12),e.src+="#?secret="+t,e.setAttribute("data-secret",t)),e.contentWindow.postMessage({message:"ready",secret:t},"*")},!1)))}(window,document);
</script>

L’année académique 2017-2018 du cycle de Conférences Orthodoxos Logos de l’Archevêché de Belgique s’est clôturée avec succès. Il s’agit d’une initiative relativement récente de l’Archevêché dont l’objectif est d’organiser des conférences à caractère surtout théologique mais également social, avec des orateurs de Belgique et de l’étranger. Les activités d’Orthodoxos Logos reçoivent le soutien surtout de &hellip; Continued
