{"version":"1.0","provider_name":"Archev\u00each\u00e9 Orthodoxe de Belgique","provider_url":"https:\/\/orthodoxia.be\/fr\/","title":"Annonce de l'\u00e9tat de sant\u00e9 du Patriarche\u0152cum\u00e9nique - Archev\u00each\u00e9 Orthodoxe de Belgique","type":"rich","width":600,"height":338,"html":"<blockquote class=\"wp-embedded-content\" data-secret=\"HdVa0JmEr4\"><a href=\"https:\/\/orthodoxia.be\/fr\/2021\/12\/29\/annonce-de-letat-de-sante-du-patriarcheoecumenique\/\">Annonce de l\u2019\u00e9tat de sant\u00e9 du Patriarche\u0152cum\u00e9nique<\/a><\/blockquote><iframe sandbox=\"allow-scripts\" security=\"restricted\" src=\"https:\/\/orthodoxia.be\/fr\/2021\/12\/29\/annonce-de-letat-de-sante-du-patriarcheoecumenique\/embed\/#?secret=HdVa0JmEr4\" width=\"600\" height=\"338\" title=\"\u00ab\u00a0Annonce de l\u2019\u00e9tat de sant\u00e9 du Patriarche\u0152cum\u00e9nique\u00a0\u00bb &#8212; Archev\u00each\u00e9 Orthodoxe de Belgique\" data-secret=\"HdVa0JmEr4\" frameborder=\"0\" marginwidth=\"0\" marginheight=\"0\" scrolling=\"no\" class=\"wp-embedded-content\"><\/iframe><script>\n\/*! This file is auto-generated *\/\n!function(d,l){\"use strict\";l.querySelector&&d.addEventListener&&\"undefined\"!=typeof URL&&(d.wp=d.wp||{},d.wp.receiveEmbedMessage||(d.wp.receiveEmbedMessage=function(e){var t=e.data;if((t||t.secret||t.message||t.value)&&!\/[^a-zA-Z0-9]\/.test(t.secret)){for(var s,r,n,a=l.querySelectorAll('iframe[data-secret=\"'+t.secret+'\"]'),o=l.querySelectorAll('blockquote[data-secret=\"'+t.secret+'\"]'),c=new RegExp(\"^https?:$\",\"i\"),i=0;i<o.length;i++)o[i].style.display=\"none\";for(i=0;i<a.length;i++)s=a[i],e.source===s.contentWindow&&(s.removeAttribute(\"style\"),\"height\"===t.message?(1e3<(r=parseInt(t.value,10))?r=1e3:~~r<200&&(r=200),s.height=r):\"link\"===t.message&&(r=new URL(s.getAttribute(\"src\")),n=new URL(t.value),c.test(n.protocol))&&n.host===r.host&&l.activeElement===s&&(d.top.location.href=t.value))}},d.addEventListener(\"message\",d.wp.receiveEmbedMessage,!1),l.addEventListener(\"DOMContentLoaded\",function(){for(var e,t,s=l.querySelectorAll(\"iframe.wp-embedded-content\"),r=0;r<s.length;r++)(t=(e=s[r]).getAttribute(\"data-secret\"))||(t=Math.random().toString(36).substring(2,12),e.src+=\"#?secret=\"+t,e.setAttribute(\"data-secret\",t)),e.contentWindow.postMessage({message:\"ready\",secret:t},\"*\")},!1)))}(window,document);\n<\/script>\n","thumbnail_url":"https:\/\/orthodoxia.be\/wp-content\/uploads\/2021\/12\/\u0391\u03bd\u03b1\u03ba\u03bf\u03b9\u03bd\u03c9\u03b8\u03ad\u03bd.jpeg","thumbnail_width":577,"thumbnail_height":858,"description":"&nbsp; Sa Toute Saintet\u00e9 le Patriarche \u0152cum\u00e9nique Bartholom\u00e9e, dans le cadre des examens diagnostiques r\u00e9guliers effectu\u00e9s au Phanar, a \u00e9t\u00e9 diagnostiqu\u00e9 aujourd&#8217;hui, vendredi 24 d\u00e9cembre 2021, comme positif au coronavirus. Sa Saintet\u00e9, qui est enti\u00e8rement vaccin\u00e9e, pr\u00e9sente actuellement de l\u00e9gers sympt\u00f4mes, mais son \u00e9tat g\u00e9n\u00e9ral est bon. Imm\u00e9diatement apr\u00e8s le diagnostic, il s&#8217;est rendu \u00e0 &hellip; Continued"}

Archevêché Orthodoxe de Belgique

Annonce de l'état de santé du PatriarcheŒcuménique - Archevêché Orthodoxe de Belgique

<blockquote class="wp-embedded-content" data-secret="HdVa0JmEr4"><a href="https://orthodoxia.be/fr/2021/12/29/annonce-de-letat-de-sante-du-patriarcheoecumenique/">Annonce de l’état de santé du PatriarcheŒcuménique</a></blockquote><iframe sandbox="allow-scripts" security="restricted" src="https://orthodoxia.be/fr/2021/12/29/annonce-de-letat-de-sante-du-patriarcheoecumenique/embed/#?secret=HdVa0JmEr4" width="600" height="338" title="« Annonce de l’état de santé du PatriarcheŒcuménique » &#8212; Archevêché Orthodoxe de Belgique" data-secret="HdVa0JmEr4" frameborder="0" marginwidth="0" marginheight="0" scrolling="no" class="wp-embedded-content"></iframe><script>
/*! This file is auto-generated */
!function(d,l){"use strict";l.querySelector&&d.addEventListener&&"undefined"!=typeof URL&&(d.wp=d.wp||{},d.wp.receiveEmbedMessage||(d.wp.receiveEmbedMessage=function(e){var t=e.data;if((t||t.secret||t.message||t.value)&&!/[^a-zA-Z0-9]/.test(t.secret)){for(var s,r,n,a=l.querySelectorAll('iframe[data-secret="'+t.secret+'"]'),o=l.querySelectorAll('blockquote[data-secret="'+t.secret+'"]'),c=new RegExp("^https?:$","i"),i=0;i<o.length;i++)o[i].style.display="none";for(i=0;i<a.length;i++)s=a[i],e.source===s.contentWindow&&(s.removeAttribute("style"),"height"===t.message?(1e3<(r=parseInt(t.value,10))?r=1e3:~~r<200&&(r=200),s.height=r):"link"===t.message&&(r=new URL(s.getAttribute("src")),n=new URL(t.value),c.test(n.protocol))&&n.host===r.host&&l.activeElement===s&&(d.top.location.href=t.value))}},d.addEventListener("message",d.wp.receiveEmbedMessage,!1),l.addEventListener("DOMContentLoaded",function(){for(var e,t,s=l.querySelectorAll("iframe.wp-embedded-content"),r=0;r<s.length;r++)(t=(e=s[r]).getAttribute("data-secret"))||(t=Math.random().toString(36).substring(2,12),e.src+="#?secret="+t,e.setAttribute("data-secret",t)),e.contentWindow.postMessage({message:"ready",secret:t},"*")},!1)))}(window,document);
</script>

https://orthodoxia.be/wp-content/uploads/2021/12/Ανακοινωθέν.jpeg

&nbsp; Sa Toute Sainteté le Patriarche Œcuménique Bartholomée, dans le cadre des examens diagnostiques réguliers effectués au Phanar, a été diagnostiqué aujourd&#8217;hui, vendredi 24 décembre 2021, comme positif au coronavirus. Sa Sainteté, qui est entièrement vaccinée, présente actuellement de légers symptômes, mais son état général est bon. Immédiatement après le diagnostic, il s&#8217;est rendu à &hellip; Continued
