{"version":"1.0","provider_name":"Archev\u00each\u00e9 Orthodoxe de Belgique","provider_url":"https:\/\/orthodoxia.be\/fr\/","title":"Dimanche de l'Orthodoxie \u00e0 Bruxelles - Archev\u00each\u00e9 Orthodoxe de Belgique","type":"rich","width":600,"height":338,"html":"<blockquote class=\"wp-embedded-content\" data-secret=\"A8YeS5v6na\"><a href=\"https:\/\/orthodoxia.be\/fr\/2026\/03\/01\/dimanche-de-lorthodoxie-a-bruxelles-3\/\">Dimanche de l\u2019Orthodoxie \u00e0 Bruxelles<\/a><\/blockquote><iframe sandbox=\"allow-scripts\" security=\"restricted\" src=\"https:\/\/orthodoxia.be\/fr\/2026\/03\/01\/dimanche-de-lorthodoxie-a-bruxelles-3\/embed\/#?secret=A8YeS5v6na\" width=\"600\" height=\"338\" title=\"\u00ab\u00a0Dimanche de l\u2019Orthodoxie \u00e0 Bruxelles\u00a0\u00bb &#8212; Archev\u00each\u00e9 Orthodoxe de Belgique\" data-secret=\"A8YeS5v6na\" frameborder=\"0\" marginwidth=\"0\" marginheight=\"0\" scrolling=\"no\" class=\"wp-embedded-content\"><\/iframe><script>\n\/*! This file is auto-generated *\/\n!function(d,l){\"use strict\";l.querySelector&&d.addEventListener&&\"undefined\"!=typeof URL&&(d.wp=d.wp||{},d.wp.receiveEmbedMessage||(d.wp.receiveEmbedMessage=function(e){var t=e.data;if((t||t.secret||t.message||t.value)&&!\/[^a-zA-Z0-9]\/.test(t.secret)){for(var s,r,n,a=l.querySelectorAll('iframe[data-secret=\"'+t.secret+'\"]'),o=l.querySelectorAll('blockquote[data-secret=\"'+t.secret+'\"]'),c=new RegExp(\"^https?:$\",\"i\"),i=0;i<o.length;i++)o[i].style.display=\"none\";for(i=0;i<a.length;i++)s=a[i],e.source===s.contentWindow&&(s.removeAttribute(\"style\"),\"height\"===t.message?(1e3<(r=parseInt(t.value,10))?r=1e3:~~r<200&&(r=200),s.height=r):\"link\"===t.message&&(r=new URL(s.getAttribute(\"src\")),n=new URL(t.value),c.test(n.protocol))&&n.host===r.host&&l.activeElement===s&&(d.top.location.href=t.value))}},d.addEventListener(\"message\",d.wp.receiveEmbedMessage,!1),l.addEventListener(\"DOMContentLoaded\",function(){for(var e,t,s=l.querySelectorAll(\"iframe.wp-embedded-content\"),r=0;r<s.length;r++)(t=(e=s[r]).getAttribute(\"data-secret\"))||(t=Math.random().toString(36).substring(2,12),e.src+=\"#?secret=\"+t,e.setAttribute(\"data-secret\",t)),e.contentWindow.postMessage({message:\"ready\",secret:t},\"*\")},!1)))}(window,document);\n<\/script>\n","thumbnail_url":"https:\/\/orthodoxia.be\/wp-content\/uploads\/2026\/03\/55123760157_a279e4c04a_k.jpg","thumbnail_width":1023,"thumbnail_height":683,"description":"La f\u00eate de l\u2019Orthodoxie a \u00e9t\u00e9 c\u00e9l\u00e9br\u00e9e par la traditionnelle conc\u00e9l\u00e9bration inter-orthodoxe \u00e0 la Cath\u00e9drale des Saints Archanges Michel et Gabriel de Bruxelles, le dimanche 1er mars 2026. C\u2019est une tradition depuis 1983 que, lors du premier dimanche du Grand Car\u00eame, les chr\u00e9tiens orthodoxes de toute origine et tradition vivant en Belgique se r\u00e9unissent au &hellip; Continued"}

Archevêché Orthodoxe de Belgique

Dimanche de l'Orthodoxie à Bruxelles - Archevêché Orthodoxe de Belgique

<blockquote class="wp-embedded-content" data-secret="A8YeS5v6na"><a href="https://orthodoxia.be/fr/2026/03/01/dimanche-de-lorthodoxie-a-bruxelles-3/">Dimanche de l’Orthodoxie à Bruxelles</a></blockquote><iframe sandbox="allow-scripts" security="restricted" src="https://orthodoxia.be/fr/2026/03/01/dimanche-de-lorthodoxie-a-bruxelles-3/embed/#?secret=A8YeS5v6na" width="600" height="338" title="« Dimanche de l’Orthodoxie à Bruxelles » &#8212; Archevêché Orthodoxe de Belgique" data-secret="A8YeS5v6na" frameborder="0" marginwidth="0" marginheight="0" scrolling="no" class="wp-embedded-content"></iframe><script>
/*! This file is auto-generated */
!function(d,l){"use strict";l.querySelector&&d.addEventListener&&"undefined"!=typeof URL&&(d.wp=d.wp||{},d.wp.receiveEmbedMessage||(d.wp.receiveEmbedMessage=function(e){var t=e.data;if((t||t.secret||t.message||t.value)&&!/[^a-zA-Z0-9]/.test(t.secret)){for(var s,r,n,a=l.querySelectorAll('iframe[data-secret="'+t.secret+'"]'),o=l.querySelectorAll('blockquote[data-secret="'+t.secret+'"]'),c=new RegExp("^https?:$","i"),i=0;i<o.length;i++)o[i].style.display="none";for(i=0;i<a.length;i++)s=a[i],e.source===s.contentWindow&&(s.removeAttribute("style"),"height"===t.message?(1e3<(r=parseInt(t.value,10))?r=1e3:~~r<200&&(r=200),s.height=r):"link"===t.message&&(r=new URL(s.getAttribute("src")),n=new URL(t.value),c.test(n.protocol))&&n.host===r.host&&l.activeElement===s&&(d.top.location.href=t.value))}},d.addEventListener("message",d.wp.receiveEmbedMessage,!1),l.addEventListener("DOMContentLoaded",function(){for(var e,t,s=l.querySelectorAll("iframe.wp-embedded-content"),r=0;r<s.length;r++)(t=(e=s[r]).getAttribute("data-secret"))||(t=Math.random().toString(36).substring(2,12),e.src+="#?secret="+t,e.setAttribute("data-secret",t)),e.contentWindow.postMessage({message:"ready",secret:t},"*")},!1)))}(window,document);
</script>

La fête de l’Orthodoxie a été célébrée par la traditionnelle concélébration inter-orthodoxe à la Cathédrale des Saints Archanges Michel et Gabriel de Bruxelles, le dimanche 1er mars 2026. C’est une tradition depuis 1983 que, lors du premier dimanche du Grand Carême, les chrétiens orthodoxes de toute origine et tradition vivant en Belgique se réunissent au &hellip; Continued
