{"version":"1.0","provider_name":"Orthodox Aartsbisdom van Belgi\u00eb","provider_url":"https:\/\/orthodoxia.be\/nl\/","title":"IN MEMORIAM PATRIARCH IGNATIOS VAN ANTIOCHI\u00cb (geboren Hazim) - Orthodox Aartsbisdom van Belgi\u00eb","type":"rich","width":600,"height":338,"html":"<blockquote class=\"wp-embedded-content\" data-secret=\"fq3cRYqUqC\"><a href=\"https:\/\/orthodoxia.be\/nl\/2012\/12\/05\/in-memoriam-patriarch-ignatios-van-antiochie-geboren-hazim\/\">IN MEMORIAM  PATRIARCH IGNATIOS VAN ANTIOCHI\u00cb (geboren Hazim)<\/a><\/blockquote><iframe sandbox=\"allow-scripts\" security=\"restricted\" src=\"https:\/\/orthodoxia.be\/nl\/2012\/12\/05\/in-memoriam-patriarch-ignatios-van-antiochie-geboren-hazim\/embed\/#?secret=fq3cRYqUqC\" width=\"600\" height=\"338\" title=\"&#8220;IN MEMORIAM  PATRIARCH IGNATIOS VAN ANTIOCHI\u00cb (geboren Hazim)&#8221; &#8212; Orthodox Aartsbisdom van Belgi\u00eb\" data-secret=\"fq3cRYqUqC\" frameborder=\"0\" marginwidth=\"0\" marginheight=\"0\" scrolling=\"no\" class=\"wp-embedded-content\"><\/iframe><script>\n\/*! This file is auto-generated *\/\n!function(d,l){\"use strict\";l.querySelector&&d.addEventListener&&\"undefined\"!=typeof URL&&(d.wp=d.wp||{},d.wp.receiveEmbedMessage||(d.wp.receiveEmbedMessage=function(e){var t=e.data;if((t||t.secret||t.message||t.value)&&!\/[^a-zA-Z0-9]\/.test(t.secret)){for(var s,r,n,a=l.querySelectorAll('iframe[data-secret=\"'+t.secret+'\"]'),o=l.querySelectorAll('blockquote[data-secret=\"'+t.secret+'\"]'),c=new RegExp(\"^https?:$\",\"i\"),i=0;i<o.length;i++)o[i].style.display=\"none\";for(i=0;i<a.length;i++)s=a[i],e.source===s.contentWindow&&(s.removeAttribute(\"style\"),\"height\"===t.message?(1e3<(r=parseInt(t.value,10))?r=1e3:~~r<200&&(r=200),s.height=r):\"link\"===t.message&&(r=new URL(s.getAttribute(\"src\")),n=new URL(t.value),c.test(n.protocol))&&n.host===r.host&&l.activeElement===s&&(d.top.location.href=t.value))}},d.addEventListener(\"message\",d.wp.receiveEmbedMessage,!1),l.addEventListener(\"DOMContentLoaded\",function(){for(var e,t,s=l.querySelectorAll(\"iframe.wp-embedded-content\"),r=0;r<s.length;r++)(t=(e=s[r]).getAttribute(\"data-secret\"))||(t=Math.random().toString(36).substring(2,12),e.src+=\"#?secret=\"+t,e.setAttribute(\"data-secret\",t)),e.contentWindow.postMessage({message:\"ready\",secret:t},\"*\")},!1)))}(window,document);\n<\/script>\n","description":"Beiroet &#8211; Deze ochtend &#8211; 5 december 2012 &#8211; in het Sint-Jorisziekenhuis te \u00e0 Beiroet, Patriarch Ignatios van Antiochi\u00eb, primaat van het Orthodox Patriarchaat van Antiochi\u00eb, overleden op de leeftijd van 92 jaar. Hij was sinds gisteren in het ziekenhuis opgenomen ten gevolge van een hersenbloeding. Hij bevond zich sindsdien in een comateuse toestand. De &hellip; Continued","thumbnail_url":"https:\/\/orthodoxia.be\/wp-content\/uploads\/2025\/02\/Orthobel.jpg","thumbnail_width":1200,"thumbnail_height":675}

Orthodox Aartsbisdom van België

IN MEMORIAM PATRIARCH IGNATIOS VAN ANTIOCHIË (geboren Hazim) - Orthodox Aartsbisdom van België

<blockquote class="wp-embedded-content" data-secret="fq3cRYqUqC"><a href="https://orthodoxia.be/nl/2012/12/05/in-memoriam-patriarch-ignatios-van-antiochie-geboren-hazim/">IN MEMORIAM  PATRIARCH IGNATIOS VAN ANTIOCHIË (geboren Hazim)</a></blockquote><iframe sandbox="allow-scripts" security="restricted" src="https://orthodoxia.be/nl/2012/12/05/in-memoriam-patriarch-ignatios-van-antiochie-geboren-hazim/embed/#?secret=fq3cRYqUqC" width="600" height="338" title="&#8220;IN MEMORIAM  PATRIARCH IGNATIOS VAN ANTIOCHIË (geboren Hazim)&#8221; &#8212; Orthodox Aartsbisdom van België" data-secret="fq3cRYqUqC" frameborder="0" marginwidth="0" marginheight="0" scrolling="no" class="wp-embedded-content"></iframe><script>
/*! This file is auto-generated */
!function(d,l){"use strict";l.querySelector&&d.addEventListener&&"undefined"!=typeof URL&&(d.wp=d.wp||{},d.wp.receiveEmbedMessage||(d.wp.receiveEmbedMessage=function(e){var t=e.data;if((t||t.secret||t.message||t.value)&&!/[^a-zA-Z0-9]/.test(t.secret)){for(var s,r,n,a=l.querySelectorAll('iframe[data-secret="'+t.secret+'"]'),o=l.querySelectorAll('blockquote[data-secret="'+t.secret+'"]'),c=new RegExp("^https?:$","i"),i=0;i<o.length;i++)o[i].style.display="none";for(i=0;i<a.length;i++)s=a[i],e.source===s.contentWindow&&(s.removeAttribute("style"),"height"===t.message?(1e3<(r=parseInt(t.value,10))?r=1e3:~~r<200&&(r=200),s.height=r):"link"===t.message&&(r=new URL(s.getAttribute("src")),n=new URL(t.value),c.test(n.protocol))&&n.host===r.host&&l.activeElement===s&&(d.top.location.href=t.value))}},d.addEventListener("message",d.wp.receiveEmbedMessage,!1),l.addEventListener("DOMContentLoaded",function(){for(var e,t,s=l.querySelectorAll("iframe.wp-embedded-content"),r=0;r<s.length;r++)(t=(e=s[r]).getAttribute("data-secret"))||(t=Math.random().toString(36).substring(2,12),e.src+="#?secret="+t,e.setAttribute("data-secret",t)),e.contentWindow.postMessage({message:"ready",secret:t},"*")},!1)))}(window,document);
</script>

Beiroet &#8211; Deze ochtend &#8211; 5 december 2012 &#8211; in het Sint-Jorisziekenhuis te à Beiroet, Patriarch Ignatios van Antiochië, primaat van het Orthodox Patriarchaat van Antiochië, overleden op de leeftijd van 92 jaar. Hij was sinds gisteren in het ziekenhuis opgenomen ten gevolge van een hersenbloeding. Hij bevond zich sindsdien in een comateuse toestand. De &hellip; Continued
