{"version":"1.0","provider_name":"Orthodox Aartsbisdom van Belgi\u00eb","provider_url":"https:\/\/orthodoxia.be\/nl\/","title":"Dienst van de Graflegging te Brussel - Orthodox Aartsbisdom van Belgi\u00eb","type":"rich","width":600,"height":338,"html":"<blockquote class=\"wp-embedded-content\" data-secret=\"OQVGLQ3pRB\"><a href=\"https:\/\/orthodoxia.be\/nl\/2026\/04\/10\/dienst-van-de-graflegging-te-brussel\/\">Dienst van de Graflegging te Brussel<\/a><\/blockquote><iframe sandbox=\"allow-scripts\" security=\"restricted\" src=\"https:\/\/orthodoxia.be\/nl\/2026\/04\/10\/dienst-van-de-graflegging-te-brussel\/embed\/#?secret=OQVGLQ3pRB\" width=\"600\" height=\"338\" title=\"&#8220;Dienst van de Graflegging te Brussel&#8221; &#8212; Orthodox Aartsbisdom van Belgi\u00eb\" data-secret=\"OQVGLQ3pRB\" frameborder=\"0\" marginwidth=\"0\" marginheight=\"0\" scrolling=\"no\" class=\"wp-embedded-content\"><\/iframe><script>\n\/*! This file is auto-generated *\/\n!function(d,l){\"use strict\";l.querySelector&&d.addEventListener&&\"undefined\"!=typeof URL&&(d.wp=d.wp||{},d.wp.receiveEmbedMessage||(d.wp.receiveEmbedMessage=function(e){var t=e.data;if((t||t.secret||t.message||t.value)&&!\/[^a-zA-Z0-9]\/.test(t.secret)){for(var s,r,n,a=l.querySelectorAll('iframe[data-secret=\"'+t.secret+'\"]'),o=l.querySelectorAll('blockquote[data-secret=\"'+t.secret+'\"]'),c=new RegExp(\"^https?:$\",\"i\"),i=0;i<o.length;i++)o[i].style.display=\"none\";for(i=0;i<a.length;i++)s=a[i],e.source===s.contentWindow&&(s.removeAttribute(\"style\"),\"height\"===t.message?(1e3<(r=parseInt(t.value,10))?r=1e3:~~r<200&&(r=200),s.height=r):\"link\"===t.message&&(r=new URL(s.getAttribute(\"src\")),n=new URL(t.value),c.test(n.protocol))&&n.host===r.host&&l.activeElement===s&&(d.top.location.href=t.value))}},d.addEventListener(\"message\",d.wp.receiveEmbedMessage,!1),l.addEventListener(\"DOMContentLoaded\",function(){for(var e,t,s=l.querySelectorAll(\"iframe.wp-embedded-content\"),r=0;r<s.length;r++)(t=(e=s[r]).getAttribute(\"data-secret\"))||(t=Math.random().toString(36).substring(2,12),e.src+=\"#?secret=\"+t,e.setAttribute(\"data-secret\",t)),e.contentWindow.postMessage({message:\"ready\",secret:t},\"*\")},!1)))}(window,document);\n<\/script>\n","thumbnail_url":"https:\/\/orthodoxia.be\/wp-content\/uploads\/2026\/04\/55201299980_c7df79a13b_c.jpg","thumbnail_width":799,"thumbnail_height":534,"description":"Op vrijdag 10 april 2026 vond de Mettendienst van de Grote Zaterdag plaats in de Kathedraal van de Heilige Aartsengelen Micha\u00ebl en Gabri\u00ebl in Brussel, evenals de processie van de Epitaphios door de straten van Brussel. Zijne Eminentie Metropoliet van Belgi\u00eb en Exarch van Nederland en Luxemburg, Mgr. Athenagoras, ging voor in de liturgische viering, &hellip; Continued"}

Orthodox Aartsbisdom van België

Dienst van de Graflegging te Brussel - Orthodox Aartsbisdom van België

<blockquote class="wp-embedded-content" data-secret="OQVGLQ3pRB"><a href="https://orthodoxia.be/nl/2026/04/10/dienst-van-de-graflegging-te-brussel/">Dienst van de Graflegging te Brussel</a></blockquote><iframe sandbox="allow-scripts" security="restricted" src="https://orthodoxia.be/nl/2026/04/10/dienst-van-de-graflegging-te-brussel/embed/#?secret=OQVGLQ3pRB" width="600" height="338" title="&#8220;Dienst van de Graflegging te Brussel&#8221; &#8212; Orthodox Aartsbisdom van België" data-secret="OQVGLQ3pRB" frameborder="0" marginwidth="0" marginheight="0" scrolling="no" class="wp-embedded-content"></iframe><script>
/*! This file is auto-generated */
!function(d,l){"use strict";l.querySelector&&d.addEventListener&&"undefined"!=typeof URL&&(d.wp=d.wp||{},d.wp.receiveEmbedMessage||(d.wp.receiveEmbedMessage=function(e){var t=e.data;if((t||t.secret||t.message||t.value)&&!/[^a-zA-Z0-9]/.test(t.secret)){for(var s,r,n,a=l.querySelectorAll('iframe[data-secret="'+t.secret+'"]'),o=l.querySelectorAll('blockquote[data-secret="'+t.secret+'"]'),c=new RegExp("^https?:$","i"),i=0;i<o.length;i++)o[i].style.display="none";for(i=0;i<a.length;i++)s=a[i],e.source===s.contentWindow&&(s.removeAttribute("style"),"height"===t.message?(1e3<(r=parseInt(t.value,10))?r=1e3:~~r<200&&(r=200),s.height=r):"link"===t.message&&(r=new URL(s.getAttribute("src")),n=new URL(t.value),c.test(n.protocol))&&n.host===r.host&&l.activeElement===s&&(d.top.location.href=t.value))}},d.addEventListener("message",d.wp.receiveEmbedMessage,!1),l.addEventListener("DOMContentLoaded",function(){for(var e,t,s=l.querySelectorAll("iframe.wp-embedded-content"),r=0;r<s.length;r++)(t=(e=s[r]).getAttribute("data-secret"))||(t=Math.random().toString(36).substring(2,12),e.src+="#?secret="+t,e.setAttribute("data-secret",t)),e.contentWindow.postMessage({message:"ready",secret:t},"*")},!1)))}(window,document);
</script>

Op vrijdag 10 april 2026 vond de Mettendienst van de Grote Zaterdag plaats in de Kathedraal van de Heilige Aartsengelen Michaël en Gabriël in Brussel, evenals de processie van de Epitaphios door de straten van Brussel. Zijne Eminentie Metropoliet van België en Exarch van Nederland en Luxemburg, Mgr. Athenagoras, ging voor in de liturgische viering, &hellip; Continued
